98)/84)/(2/(-12)). Suppose -w + 12 - o = 0. Let t(l) = -l**2 + 5*l - 4. Give t(w).
-4
Let g(t) = 90*t**2 + 5*t - 11. Let m(k) = -13 + 18*k**2 + 27 - 16 + k. Let o = -7 - -5. Let z(h) = o*g(h) + 11*m(h). Give z(-1).
17
Let p(y) be the second derivative of 2*y**3/3 - 13*y**2/2 + 6*y + 90. Give p(3).
-1
Let r(u) = 7*u**3 - u - 15. Let k be r(3). Suppose -163*t = -k*t - 32. Let j(g) = -g**2 + g + 2. Give j(t).
-18
Let q(z) = -z**3 - 5*z**2 - 6*z + 7. Suppose 12*l - 2094 = -7026. Let g = 408 + l. Calculate q(g).
7
Let q(n) = -6*n**3 - 4*n**2 + 4*n + 1. Let o be (-7)/(-2)*(371/49 + -7). What is q(o)?
-55
Let c = 359019 - 359014. Let r(b) be the first derivative of -b**4/4 + 2*b**3 - 7*b**2/2 - b + 1. Calculate r(c).
-11
Let c be -1 - (-116)/10 - 2/(-5). Let h(y) = 3*y**2 + 14. Let u(v) = -v**2 - 5. Let o(a) = c*u(a) + 4*h(a). Determine o(-2).
5
Suppose -5*o = -4*j + 105, -69 = 2*o - 34*j + 27*j. Let c(i) = i**3 + 16*i**2 - 16*i + 22. Give c(o).
5
Suppose -79*l + 13*l - 32*l - 294 = 0. Let b(u) = -5*u**3 - 2*u**2 + 3*u. Calculate b(l).
108
Let c(y) be the third derivative of -y**5/20 - y**4/12 - 3*y**3/2 + 19*y**2 - 9*y. Calculate c(-3).
-30
Let b(i) = i**2 + 9*i + 9. Let s(a) be the third derivative of -a**5/60 + a**4/6 - 7*a**3/6 - 59*a**2. Let x be s(4). Determine b(x).
-5
Let w(s) = 26*s - 177. Let q be w(7). Let i(r) = -3*r**2 - 2 + 1 + 2*r**2 + 5*r - 4. Determine i(q).
-5
Let w(v) be the second derivative of v**3/2 - 16*v**2 - v + 431. Calculate w(17).
19
Suppose 69 = l - 4*m, 0 = -2*l - 0*m - 4*m + 162. Suppose 0 = 7*b - 35 - l. Suppose 0 = 2*w + b - 10. Let a(z) = 2*z - 3. Calculate a(w).
-9
Suppose -209 = -3*q + 61. Suppose 11*o + q = 68. Let i(y) = -2*y + 1. Determine i(o).
5
Let n(v) be the first derivative of -6*v**2 + 26*v + 3873. Calculate n(0).
26
Let c(q) = 2*q**2 + q - 2. Suppose -m - 10 = 4*m. Let a be c(m). Let k(r) = -32*r + 9. Let s(d) = 27*d - 8. Let x(p) = -5*k(p) - 6*s(p). What is x(a)?
-5
Let a = 38 + -32. Let h(y) = y**3 - 5*y**2 - 6*y + 12. Let t be h(a). Let u(j) = j**2 - j - j - t + j. Determine u(0).
-12
Let l(c) = -16*c + 13. Let x(m) = m**3 - 92*m**2 + 434*m + 88. Let z be x(87). Determine l(z).
-3
Let s(y) = 27*y**3 - 47*y**2 - 66*y + 98. Let l(u) = 5*u**3 - 9*u**2 - 13*u + 20. Let f(j) = 11*l(j) - 2*s(j). Determine f(2).
-10
Let z be ((-24)/(-36))/((-3)/36). Let t(q) = 0 + 0 + q - 2. Determine t(z).
-10
Let n(z) = 5*z**2 + 2*z - 1. Let v(s) = 3*s - 55. Suppose 0 = -9*j + 103 + 68. Let m be v(j). Calculate n(m).
23
Let k(p) = -2*p**3 + 10*p**2 - 3*p - 9. Let m be 7*(4/(-8))/1*32/(-28). What is k(m)?
11
Suppose 0 = 4*n, 10 = 47*i - 42*i + 5*n. Let q(f) = 6*f + 4. Let o(a) = -5*a - 5. Let m(d) = 3*o(d) + 4*q(d). Give m(i).
19
Let x(y) be the second derivative of y**4/4 - y**3/6 + y**2/2 - 8*y. Let o be x(1). Let q(u) = -u**2 - 2949*u**3 - u + 2950*u**3 - 2*u + 3. What is q(o)?
12
Let l = -757 + 757. Let b(c) = -2*c + 3. Let k(i) = -i + 3. Let z(r) = -2*b(r) + 3*k(r). Calculate z(l).
3
Let u(b) = 7 - 6*b + 5 + 3*b - 9. Let x(a) be the second derivative of -2*a**3 + 6*a**2 + 4*a. Let d(c) = 18*u(c) - 4*x(c). Determine d(4).
-18
Suppose -682*s = -718*s + 504. Let v(r) = 7*r - 90. Determine v(s).
8
Let w be (-2)/3 - (-106080)/(-153). Let j = 693 + w. Let z(i) be the third derivative of 7*i**6/120 - i**5/30 + i**3/6 - i**2. What is z(j)?
-8
Let u(m) be the third derivative of -m**7/2520 - m**6/72 + m**5/15 + 13*m**4/6 - 226*m**2. Let v(o) be the second derivative of u(o). What is v(-11)?
-3
Let y(x) = 4*x + 113. Let v be (-2 - (-33)/18)*-20*-9. Calculate y(v).
-7
Let h(c) be the first derivative of 97 + 6*c + 3/2*c**2 + 1/3*c**3. Give h(-4).
10
Let x be 48/(-44) - (-10)/110. Let g(z) = -26*z + 1. Give g(x).
27
Let d = 15 - 17. Let r(q) = 30*q - 1. Let f(g) = -130*g + 5. Let j(b) = 2*f(b) + 9*r(b). What is j(d)?
-19
Let y(i) = -i**3 - 15*i**2 - 21*i - 11. Let j(b) = 2*b**3 - 31*b**2 - 408*b - 13. Let l be j(24). Determine y(l).
-76
Let g = -16 - -15. Let w(r) be the second derivative of -11*r - 7/12*r**4 + 0 + 0*r**3 - 1/2*r**2. Give w(g).
-8
Let x(d) = d**3 - 3*d**2 - 6*d + 2. Suppose 4*s + 50 = 29*s. Let a be s*3 - (24 - 23). What is x(a)?
22
Let f(m) = -8*m**3 + 31*m**2 + m - 11. Let z(v) = 18*v**3 - 61*v**2 - 2*v + 21. Let l(r) = -7*f(r) - 3*z(r). Determine l(17).
-3
Let f be 2/(-21) - (-10512)/(-756). Let o(x) = x**3 + 16*x**2 + 26*x - 39. Give o(f).
-11
Let x(w) = -w**2 + w + 2. Let r be x(2). Let a(f) = 4 + f**2 - 3 + 3*f + r*f**2 - 9*f. Let i = 506 + -502. What is a(i)?
-7
Let z(m) = m**3 - 10*m**2 + 12*m + 57. Suppose 76*x - 337 - 271 = 0. What is z(x)?
25
Let k(x) be the third derivative of x**6/180 - x**5/120 - x**4/24 - 43*x**3/6 + 56*x**2 - x. Let g(z) be the first derivative of k(z). Determine g(2).
5
Let u(g) = -g. Let a(w) = w**2 - 4*w - 5. Let s be a(4). Suppose 4*n - 72 = 16*n. Let b be n/(-20)*4*s. Give u(b).
6
Let h be 28/(-224) + (-186)/(-144). Let k(z) be the third derivative of -h*z**3 + 0*z + 0 + 10*z**2 + 1/60*z**5 + 1/4*z**4. What is k(-7)?
0
Suppose 4*i - 6*i - 4*b - 16 = 0, 3*i = -3*b - 30. Let d(g) = 2*g - 1. Determine d(i).
-25
Let i(c) = 28*c + 54. Let o(m) = -69*m - 121. Let t(x) = -12*i(x) - 5*o(x). Give t(5).
2
Suppose -148 - 497 = -43*o. Let c(u) = -u**3 + 14*u**2 + 15*u + 9. Give c(o).
9
Let i(n) = -n**2 + 9*n - 8. Suppose -4*v = -6*v + 4. Suppose -v*z = -22*z + 160. What is i(z)?
0
Let j be 34*(-3)/12 + -13 + 24. Let r(m) be the first derivative of -1/3*m**3 + 5 + 2*m - j*m**2. Determine r(-6).
-4
Let s(w) be the third derivative of w**7/5040 + w**6/72 - w**5/15 + w**4/24 - 37*w**2. Let b(y) be the third derivative of s(y). Let u = -3 + -4. What is b(u)?
3
Let n(a) = -a**2 + 37*a - 338. Let r be n(17). Let u(y) = -14 + 307*y**2 + y - 140*y**r - y**3 - 154*y**2. Give u(13).
-1
Suppose -9*a + 4*a - 2*y - 70 = 0, a = 3*y + 3. Let m be (a/10)/(31/155). Let d(s) = s**2 + 7*s + 7. What is d(m)?
1
Let d(t) = -t**2 - 6*t - 12. Let z be (475/(-100) - -5)*(0 - 20). Give d(z).
-7
Let s(x) = -x**3 - 9*x**2 + 15. Let o(c) = c**3 + 9*c**2 + c - 14. Let u(g) = 2*o(g) + 3*s(g). Calculate u(-9).
-1
Let m be -8*-5*5/100. Let k(q) = 0 + 11 - 3 + q**2 + 1 - m - 6*q. Let s(j) = j**2 - 4*j. Let y be s(5). Determine k(y).
2
Suppose 0 = -2*m + m - b + 66, 203 = 3*m - 2*b. Let w(a) = m*a + 74*a - 145*a. Determine w(-2).
8
Let x(f) be the third derivative of -f**5/30 - 7*f**4/24 + 10*f**3/3 + 2*f**2 + 4*f + 87. Give x(-7).
-29
Let r(v) be the third derivative of v**6/720 + 13*v**5/120 + 29*v**4/4 + 36*v**2. Let q(d) be the second derivative of r(d). Calculate q(-6).
7
Suppose -4 = 648*g - 650*g. Let v(b) = -2*b - 3. Let d be v(-3). Let j(s) = g*s - s + 4*s - 3*s - d. What is j(-3)?
-9
Let j(c) = -5*c**3 + 21*c**2 - 29*c + 15. Let h(w) = 14*w**3 - 61*w**2 + 81*w - 45. Let g(q) = -6*h(q) - 17*j(q). Determine g(-10).
-155
Let x(s) = s**3 - 7*s**2 - 9*s - 3. Suppose -d + 4*d + 18 = 0. Let l be 9/((-27)/d) - 2. Suppose 4*n - 7*n + 24 = l. Determine x(n).
-11
Let y(x) = 121*x - 11. Let q be y(4). Suppose -7*s + 172 = q. Let f = 43 + s. Let r(g) = g**3 - g**2 - g - 6. Give r(f).
-6
Let j(z) be the third derivative of z**4/8 - 7*z**3/6 + 4*z**2 - 32*z. What is j(3)?
2
Let d(k) = -3*k - 26. Let x(f) = -f**2 - 16*f + 2631. Let n be x(44). Calculate d(n).
1
Let j(y) be the first derivative of 9/2*y**2 + 1/3*y**3 - 127 + y. What is j(-8)?
-7
Let c(t) be the first derivative of t + 0*t**2 - 1/3*t**3 - 88. Determine c(6).
-35
Suppose 0 = c + h - 830, -h - 6220 + 2046 = -5*c. Let t = c + -839. Let a(j) = 2*j**2 + 5*j - 1. What is a(t)?
24
Let d = -17 - -18. Let p be d - (-4)/(20/5). Let g(w) = 12*w**2 - 4*w + 1. Let a(q) = 18*q**2 - 6*q + 2. Let f(b) = -5*a(b) + 8*g(b). Calculate f(p).
18
Let v(s) be the first derivative of -1/4*s**4 + 2*s - 13/2*s**2 - 3*s**3 + 59. Calculate v(-7).
-5
Let z(q) be the third derivative of 0*q + 1/24*q**4 - 5*q**2 + 2 + 11/120*q**6 - 1/6*q**3 + 0*q**5. What is z(1)?
11
Let l(r) be the first derivative of r**3/3 + r**2/2 - 45*r + 3625. Calculate l(0).
-45
Let v(z) be the first derivative of z**2 + 4*z + 76. Let a be v(-1). Let o(t) = 2*t**2 + 2*t - 2. Calculate o(a).
10
Let l(q) = -14*q**3 + 43 + 53 - 3*q + 64 - 157 + 5*q**3 - 3*q**2. Calculate l(-2).
69
Let f(z) = -z**2 + 89*z + 2. Let u = -45